61 a composite number?
True
Is 10559 composite?
False
Is 1165 composite?
True
Is 133153 a prime number?
True
Is 64939 prime?
False
Is 403483 a composite number?
False
Is 40615 prime?
False
Is 447094 a composite number?
True
Is 26539 composite?
False
Is 38341 composite?
True
Is 3541 prime?
True
Is 343073 prime?
True
Is 2481013 a prime number?
True
Is 326341 composite?
True
Is 32987 a prime number?
True
Is 14281 a prime number?
True
Is 1105781 prime?
False
Is 18201 a composite number?
True
Is 327815 prime?
False
Is 115886 prime?
False
Is 2881 composite?
True
Is 20969 composite?
True
Is 176741 a prime number?
True
Is 226834 a composite number?
True
Is 64859 a composite number?
True
Is 96533 composite?
True
Is 85313 a prime number?
True
Is 168839 composite?
True
Is 811147 composite?
False
Is 537607 a composite number?
True
Is 2701 a prime number?
False
Is 274403 a composite number?
False
Is 209851 prime?
True
Is 1543 prime?
True
Is 189521 prime?
False
Is 414013 a prime number?
True
Is 134989 a composite number?
False
Is 69691 a composite number?
False
Is 4032713 a prime number?
False
Is 541 a prime number?
True
Is 139333 a prime number?
True
Is 60934 prime?
False
Is 33287 a composite number?
False
Is 692993 a prime number?
False
Is 34378 a prime number?
False
Is 1844179 prime?
True
Is 670385 a composite number?
True
Is 40243 composite?
True
Is 8977 composite?
True
Is 3847 prime?
True
Is 9089 a prime number?
False
Is 4171 a prime number?
False
Is 4063 composite?
True
Is 8422 prime?
False
Is 141509 prime?
True
Is 156817 a prime number?
True
Is 1799 a composite number?
True
Is 28181 composite?
False
Is 563663 prime?
True
Is 43313 a prime number?
True
Is 3251 a composite number?
False
Is 17291 prime?
True
Is 3983471 a composite number?
False
Is 7253 composite?
False
Is 16294 a prime number?
False
Is 101129 a prime number?
False
Is 20771 prime?
True
Is 2207227 a composite number?
True
Is 14969 a composite number?
False
Is 1218049 a prime number?
False
Is 27329 a prime number?
True
Is 58271 composite?
False
Is 458947 prime?
True
Is 1250771 a composite number?
False
Is 898409 a prime number?
True
Is 17093 a composite number?
False
Is 4105 prime?
False
Is 110111 a composite number?
True
Is 20477 prime?
True
Is 17165 a prime number?
False
Is 5501 prime?
True
Is 1949 a composite number?
False
Is 19857 a prime number?
False
Is 756559 a prime number?
False
Is 247849 a prime number?
False
Is 12629 a prime number?
False
Is 8573 composite?
False
Is 55415 a prime number?
False
Is 9571 prime?
False
Is 1481185 composite?
True
Is 330383 a composite number?
False
Is 190945 a composite number?
True
Is 6349 prime?
False
Is 1867 prime?
True
Is 806237 a composite number?
True
Is 13891 prime?
False
Is 135827 prime?
False
Is 13781 a prime number?
True
Is 68246 a prime number?
False
Is 3203 a prime number?
True
Is 8387 a prime number?
True
Is 394523 prime?
True
Is 2819 a composite number?
False
Is 11681 a prime number?
True
Is 57073 a composite number?
False
Is 965723 a composite number?
True
Is 85 composite?
True
Is 154259 composite?
True
Is 13119 a composite number?
True
Is 6121 a composite number?
False
Is 40839 a prime number?
False
Is 1181757 composite?
True
Is 336143 a prime number?
True
Is 15053 composite?
False
Is 24437 composite?
True
Is 2810641 a composite number?
False
Is 8509 a prime number?
False
Is 25867 a composite number?
False
Is 76561 a composite number?
False
Is 224351 a composite number?
False
Is 99079 composite?
False
Is 12459 a prime number?
False
Is 1703839 a composite number?
True
Is 6751 a composite number?
True
Is 223007 a composite number?
False
Is 21151 a composite number?
True
Is 71633 prime?
True
Is 991 prime?
True
Is 31802 a composite number?
True
Is 12821 a prime number?
True
Is 30541 prime?
False
Is 107251 composite?
False
Is 7963 composite?
False
Is 335917 a composite number?
False
Is 93569 a prime number?
False
Is 76803 prime?
False
Is 709997 prime?
False
Is 487 a prime number?
True
Is 15421 prime?
False
Is 3817 a composite number?
True
Is 55479 composite?
True
Is 620411 prime?
False
Is 292361 composite?
True
Is 21647 composite?
False
Is 269447 a composite number?
True
Is 2051 composite?
True
Is 69791 prime?
False
Is 76829 composite?
False
Is 34981 a composite number?
False
Is 196271 prime?
True
Is 122651 a composite number?
False
Is 16183 prime?
True
Is 449 a composite number?
False
Is 7289 a composite number?
True
Is 81573 a composite number?
True
Is 11311 a composite number?
False
Is 4379 a composite number?
True
Is 210211 prime?
False
Is 284365 composite?
True
Is 30631 composite?
False
Is 13081 prime?
False
Is 151781 prime?
False
Is 251 prime?
True
Is 95701 composite?
False
Is 4421 a composite number?
False
Is 3163 a composite number?
False
Is 115057 a composite number?
False
Is 468077 composite?
True
Is 66431 prime?
True
Is 28909 composite?
False
Is 1597 a composite number?
False
Is 14797 prime?
True
Is 26077 a composite number?
True
Is 637961 composite?
True
Is 5158 prime?
False
Is 37403 prime?
False
Is 267187 a composite number?
False
Is 278679 composite?
True
Is 484681 a composite number?
True
Is 133 composite?
True
Is 39553 a composite number?
True
Is 464843 a composite number?
False
Is 864041 prime?
False
Is 26583 composite?
True
Is 44449 composite?
False
Is 25741 a composite number?
False
Is 416821 a prime number?
True
Is 81839 a composite number?
False
Is 4247 a composite number?
True
Is 292451 prime?
False
Is 20759 prime?
True
Is 4283 a prime number?
True
Is 170195 a composite number?
True
Is 33547 composite?
False
Is 3149 composite?
True
Is 3917963 a prime number?
False
Is 10223 a prime number?
True
Is 13859 a composite number?
False
Is 5297 a composite number?
False
Is 757421 composite?
True
Is 479363 composite?
True
Is 43427 composite?
False
Is 97487 a composite number?
True
Is 86419 prime?
False
Is 28387 prime?
True
Is 499855 composite?
True
Is 174671 a prime number?
False
Is 18143 a prime number?
True
Is 257 a prime number?
True
Is 7789 composite?
False
Is 233021 prime?
True
Is 1747 a composite number?
False
Is 9311 a prime number?
True
Is 27479 composite?
False
Is 377506 prime?
False
Is 1190417 a prime number?
True
Is 98369 a composite number?
False
Is 7823 prime?
True
Is 15427 a composite number?
False
Is 77761 a prime number?
True
Is 118957 prime?
False
Is 1289674 composite?
True
Is 486869 prime?
True
Is 13579 a composite number?
True
Is 36637 a composite number?
False
Is 53681 a prime number?
True
Is 378707 a composite number?
True
Is 300385 composite?
True
Is 125501 a composite number?
True
Is 880797 a composite number?
True
Is 45861 prime?
False
Is 8581 composite?
False
Is 1243 a composite number?
True
Is 6295 composite?
True
Is 24197 a prime number?
True
Is 2383 prime?
True
Is 29803 a prime number?
True
Is 18499 prime?
False
Is 321 composite?
True
Is 214603 composite?
False
Is 94379 composite?
False
Is 340394 prime?
False
Is 25841 a composite number?
False
Is 587 composite?
False
Is 8054 composite?
True
Is 2321 composite?
True
Is 1201 a prime number?
True
Is 283643 composite?
True
Is 39551 a prime number?
True
Is 6179 a composite number?
True
Is 1636113 prime?
False
Is 16447 composite?
False
Is 718669 a prime number?
False
Is 399871 a prime number?
True
Is 1591 a composite number?
True
Is 265283 a composite number?
True
Is 9073 a composite number?
True
Is 1067 a prime number?
False
Is 4307 a composite number?
True
Is 8501 prime?
True
Is 178661 prime?
False
Is 854849 composite?
False
Is 494447 a prime number?
False
Is 483005 a prime number?
False
Is 212785 a prime number?
False
Is 6121 a composite number?
False
Is 14387 composite?
False
Is 47122 prime?
False
Is 10646 composite?
True
Is 25778 composite?
True
Is 45481 prime?
True
Is 9235 a composite number?
True
Is 83717 a prime number?
True
Is 57983 composite?
True
Is 32537 a composite number?
False
Is 90106 a composite number?
True
Is 2078 prime?
False
Is 263 prime?
True
Is 2415713 composite?
True
Is 4327 a composite number?
False
Is 2999 composite?
False
Is 67679 a composite number?
False
Is 46558 prime?
False
Is 115961 composite?
True
Is 82735 prime?
False
Is 447998 prime?
False
Is 14837 composite?
True
Is 56213 a prime number?
False
Is 369353 prime?
True
Is 